{"id":2700,"date":"2024-01-22T20:14:11","date_gmt":"2024-01-22T20:14:11","guid":{"rendered":"http:\/\/sasil.mx\/?page_id=2700"},"modified":"2025-03-05T18:01:42","modified_gmt":"2025-03-05T18:01:42","slug":"cedis","status":"publish","type":"page","link":"https:\/\/sasil.mx\/?page_id=2700&lang=es","title":{"rendered":"Cedis"},"content":{"rendered":"\t\t<div data-elementor-type=\"wp-page\" data-elementor-id=\"2700\" class=\"elementor elementor-2700\" data-elementor-post-type=\"page\">\n\t\t\t\t\t\t<section class=\"elementor-section elementor-top-section elementor-element elementor-element-486160d elementor-section-boxed elementor-section-height-default elementor-section-height-default wpr-particle-no wpr-jarallax-no wpr-parallax-no wpr-sticky-section-no\" data-id=\"486160d\" data-element_type=\"section\" data-settings=\"{&quot;background_background&quot;:&quot;classic&quot;}\">\n\t\t\t\t\t\t<div class=\"elementor-container elementor-column-gap-default\">\n\t\t\t\t\t<div class=\"elementor-column elementor-col-100 elementor-top-column elementor-element elementor-element-f8eed9a\" data-id=\"f8eed9a\" data-element_type=\"column\">\n\t\t\t<div class=\"elementor-widget-wrap elementor-element-populated\">\n\t\t\t\t\t\t\t<\/div>\n\t\t<\/div>\n\t\t\t\t\t<\/div>\n\t\t<\/section>\n\t\t\t\t<section class=\"elementor-section elementor-top-section elementor-element elementor-element-cf0ace0 elementor-section-boxed elementor-section-height-default elementor-section-height-default wpr-particle-no wpr-jarallax-no wpr-parallax-no wpr-sticky-section-no\" data-id=\"cf0ace0\" data-element_type=\"section\">\n\t\t\t\t\t\t<div class=\"elementor-container elementor-column-gap-default\">\n\t\t\t\t\t<div class=\"elementor-column elementor-col-50 elementor-top-column elementor-element elementor-element-2911ac2\" data-id=\"2911ac2\" data-element_type=\"column\">\n\t\t\t<div class=\"elementor-widget-wrap elementor-element-populated\">\n\t\t\t\t\t\t<div class=\"elementor-element elementor-element-444874e elementor-widget elementor-widget-image\" data-id=\"444874e\" data-element_type=\"widget\" data-widget_type=\"image.default\">\n\t\t\t\t<div class=\"elementor-widget-container\">\n\t\t\t\t\t\t\t\t\t\t\t\t\t\t\t<img fetchpriority=\"high\" decoding=\"async\" width=\"1316\" height=\"1033\" src=\"https:\/\/sasil.mx\/wp-content\/uploads\/2025\/03\/Mapa-Sasil_Ubicaciones-.jpg\" class=\"attachment-full size-full wp-image-4511\" alt=\"\" srcset=\"https:\/\/sasil.mx\/wp-content\/uploads\/2025\/03\/Mapa-Sasil_Ubicaciones-.jpg 1316w, https:\/\/sasil.mx\/wp-content\/uploads\/2025\/03\/Mapa-Sasil_Ubicaciones--300x235.jpg 300w, https:\/\/sasil.mx\/wp-content\/uploads\/2025\/03\/Mapa-Sasil_Ubicaciones--1024x804.jpg 1024w, https:\/\/sasil.mx\/wp-content\/uploads\/2025\/03\/Mapa-Sasil_Ubicaciones--768x603.jpg 768w\" sizes=\"(max-width: 1316px) 100vw, 1316px\" \/>\t\t\t\t\t\t\t\t\t\t\t\t\t\t\t<\/div>\n\t\t\t\t<\/div>\n\t\t\t\t\t<\/div>\n\t\t<\/div>\n\t\t\t\t<div class=\"elementor-column elementor-col-50 elementor-top-column elementor-element elementor-element-9565fb7\" data-id=\"9565fb7\" data-element_type=\"column\">\n\t\t\t<div class=\"elementor-widget-wrap elementor-element-populated\">\n\t\t\t\t\t\t<section class=\"elementor-section elementor-inner-section elementor-element elementor-element-a565ec4 elementor-section-full_width elementor-section-height-default elementor-section-height-default wpr-particle-no wpr-jarallax-no wpr-parallax-no wpr-sticky-section-no\" data-id=\"a565ec4\" data-element_type=\"section\">\n\t\t\t\t\t\t<div class=\"elementor-container elementor-column-gap-default\">\n\t\t\t\t\t<div class=\"elementor-column elementor-col-100 elementor-inner-column elementor-element elementor-element-f1a68da\" data-id=\"f1a68da\" data-element_type=\"column\">\n\t\t\t<div class=\"elementor-widget-wrap elementor-element-populated\">\n\t\t\t\t\t\t<div class=\"elementor-element elementor-element-0e6e641 elementor-widget elementor-widget-heading\" data-id=\"0e6e641\" data-element_type=\"widget\" data-widget_type=\"heading.default\">\n\t\t\t\t<div class=\"elementor-widget-container\">\n\t\t\t\t\t<h2 class=\"elementor-heading-title elementor-size-default\">Oficinas de ventas<\/h2>\t\t\t\t<\/div>\n\t\t\t\t<\/div>\n\t\t\t\t<div class=\"elementor-element elementor-element-b26085b elementor-widget elementor-widget-heading\" data-id=\"b26085b\" data-element_type=\"widget\" data-widget_type=\"heading.default\">\n\t\t\t\t<div class=\"elementor-widget-container\">\n\t\t\t\t\t<h2 class=\"elementor-heading-title elementor-size-default\">Monterrey, N.L<\/h2>\t\t\t\t<\/div>\n\t\t\t\t<\/div>\n\t\t\t\t<div class=\"elementor-element elementor-element-b7234f3 elementor-icon-list--layout-traditional elementor-list-item-link-full_width elementor-widget elementor-widget-icon-list\" data-id=\"b7234f3\" data-element_type=\"widget\" data-widget_type=\"icon-list.default\">\n\t\t\t\t<div class=\"elementor-widget-container\">\n\t\t\t\t\t\t\t<ul class=\"elementor-icon-list-items\">\n\t\t\t\t\t\t\t<li class=\"elementor-icon-list-item\">\n\t\t\t\t\t\t\t\t\t\t<span class=\"elementor-icon-list-text\">Servicio a clientes<\/span>\n\t\t\t\t\t\t\t\t\t<\/li>\n\t\t\t\t\t\t\t\t<li class=\"elementor-icon-list-item\">\n\t\t\t\t\t\t\t\t\t\t\t<a href=\"tel:8183050300\">\n\n\t\t\t\t\t\t\t\t\t\t\t<span class=\"elementor-icon-list-text\"><b>81 8305 0300<\/b><\/span>\n\t\t\t\t\t\t\t\t\t\t\t<\/a>\n\t\t\t\t\t\t\t\t\t<\/li>\n\t\t\t\t\t\t<\/ul>\n\t\t\t\t\t\t<\/div>\n\t\t\t\t<\/div>\n\t\t\t\t<div class=\"elementor-element elementor-element-fb84e94 elementor-widget elementor-widget-heading\" data-id=\"fb84e94\" data-element_type=\"widget\" data-widget_type=\"heading.default\">\n\t\t\t\t<div class=\"elementor-widget-container\">\n\t\t\t\t\t<h2 class=\"elementor-heading-title elementor-size-default\">Ciudad de M\u00e9xico<\/h2>\t\t\t\t<\/div>\n\t\t\t\t<\/div>\n\t\t\t\t<div class=\"elementor-element elementor-element-7844b86 elementor-icon-list--layout-traditional elementor-list-item-link-full_width elementor-widget elementor-widget-icon-list\" data-id=\"7844b86\" data-element_type=\"widget\" data-widget_type=\"icon-list.default\">\n\t\t\t\t<div class=\"elementor-widget-container\">\n\t\t\t\t\t\t\t<ul class=\"elementor-icon-list-items\">\n\t\t\t\t\t\t\t<li class=\"elementor-icon-list-item\">\n\t\t\t\t\t\t\t\t\t\t<span class=\"elementor-icon-list-text\">Servicio a clientes<\/span>\n\t\t\t\t\t\t\t\t\t<\/li>\n\t\t\t\t\t\t\t\t<li class=\"elementor-icon-list-item\">\n\t\t\t\t\t\t\t\t\t\t\t<a href=\"tel:5553173413\">\n\n\t\t\t\t\t\t\t\t\t\t\t<span class=\"elementor-icon-list-text\"><b>55 5317 3413<\/b><\/span>\n\t\t\t\t\t\t\t\t\t\t\t<\/a>\n\t\t\t\t\t\t\t\t\t<\/li>\n\t\t\t\t\t\t\t\t<li class=\"elementor-icon-list-item\">\n\t\t\t\t\t\t\t\t\t\t\t<a href=\"tel:5553173414\">\n\n\t\t\t\t\t\t\t\t\t\t\t<span class=\"elementor-icon-list-text\"><b>55 5317 3414<\/b><\/span>\n\t\t\t\t\t\t\t\t\t\t\t<\/a>\n\t\t\t\t\t\t\t\t\t<\/li>\n\t\t\t\t\t\t\t\t<li class=\"elementor-icon-list-item\">\n\t\t\t\t\t\t\t\t\t\t\t<a href=\"tel:5553178212\">\n\n\t\t\t\t\t\t\t\t\t\t\t<span class=\"elementor-icon-list-text\"><b>55 5317 8212<\/b><\/span>\n\t\t\t\t\t\t\t\t\t\t\t<\/a>\n\t\t\t\t\t\t\t\t\t<\/li>\n\t\t\t\t\t\t<\/ul>\n\t\t\t\t\t\t<\/div>\n\t\t\t\t<\/div>\n\t\t\t\t<div class=\"elementor-element elementor-element-d2406e7 elementor-widget elementor-widget-heading\" data-id=\"d2406e7\" data-element_type=\"widget\" data-widget_type=\"heading.default\">\n\t\t\t\t<div class=\"elementor-widget-container\">\n\t\t\t\t\t<h2 class=\"elementor-heading-title elementor-size-default\">Plantas productivas<\/h2>\t\t\t\t<\/div>\n\t\t\t\t<\/div>\n\t\t\t\t<div class=\"elementor-element elementor-element-83e91d2 elementor-widget elementor-widget-text-editor\" data-id=\"83e91d2\" data-element_type=\"widget\" data-widget_type=\"text-editor.default\">\n\t\t\t\t<div class=\"elementor-widget-container\">\n\t\t\t\t\t\t\t\t\t<p><strong>Planta Detergentes<br \/>Cedis Monterrey<br \/><\/strong>Av. Rep\u00fablica Mexicana No. 101,<br \/>Sector Industrial Nogalar<br \/>San Nicol\u00e1s de los Garza, N.l.<br \/>M\u00e9xico, 66484<br \/><a href=\"tel:8183050300\"><strong>81 8305 0300<\/strong><\/a><\/p><p><strong>Planta Jab\u00f3n y L\u00edquidos<br \/>Cedis Edo. M\u00e9xico<br \/><\/strong>Cuauht\u00e9moc No. 42, Colonia<br \/>Urbana Ixhuatepec Ecatepec<br \/>Edo. de M\u00e9xico, 55340<br \/><a href=\"tel:5557151410\"><strong>55 5715 1410<\/strong><\/a><\/p>\t\t\t\t\t\t\t\t<\/div>\n\t\t\t\t<\/div>\n\t\t\t\t\t<\/div>\n\t\t<\/div>\n\t\t\t\t\t<\/div>\n\t\t<\/section>\n\t\t\t\t\t<\/div>\n\t\t<\/div>\n\t\t\t\t\t<\/div>\n\t\t<\/section>\n\t\t\t\t<section class=\"elementor-section elementor-top-section elementor-element elementor-element-685a741 elementor-section-boxed elementor-section-height-default elementor-section-height-default wpr-particle-no wpr-jarallax-no wpr-parallax-no wpr-sticky-section-no\" data-id=\"685a741\" data-element_type=\"section\">\n\t\t\t\t\t\t<div class=\"elementor-container elementor-column-gap-no\">\n\t\t\t\t\t<div class=\"elementor-column elementor-col-33 elementor-top-column elementor-element elementor-element-aa44972\" data-id=\"aa44972\" data-element_type=\"column\">\n\t\t\t<div class=\"elementor-widget-wrap elementor-element-populated\">\n\t\t\t\t\t\t<div class=\"elementor-element elementor-element-39e0c5f elementor-widget__width-auto elementor-widget elementor-widget-heading\" data-id=\"39e0c5f\" data-element_type=\"widget\" data-widget_type=\"heading.default\">\n\t\t\t\t<div class=\"elementor-widget-container\">\n\t\t\t\t\t<h2 class=\"elementor-heading-title elementor-size-default\">Guadalajara<\/h2>\t\t\t\t<\/div>\n\t\t\t\t<\/div>\n\t\t\t\t<div class=\"elementor-element elementor-element-8f683a7 elementor-widget elementor-widget-spacer\" data-id=\"8f683a7\" data-element_type=\"widget\" data-widget_type=\"spacer.default\">\n\t\t\t\t<div class=\"elementor-widget-container\">\n\t\t\t\t\t\t\t<div class=\"elementor-spacer\">\n\t\t\t<div class=\"elementor-spacer-inner\"><\/div>\n\t\t<\/div>\n\t\t\t\t\t\t<\/div>\n\t\t\t\t<\/div>\n\t\t\t\t\t<\/div>\n\t\t<\/div>\n\t\t\t\t<div class=\"elementor-column elementor-col-33 elementor-top-column elementor-element elementor-element-82ab888\" data-id=\"82ab888\" data-element_type=\"column\">\n\t\t\t<div class=\"elementor-widget-wrap elementor-element-populated\">\n\t\t\t\t\t\t<div class=\"elementor-element elementor-element-4256cda elementor-widget__width-auto elementor-widget elementor-widget-heading\" data-id=\"4256cda\" data-element_type=\"widget\" data-widget_type=\"heading.default\">\n\t\t\t\t<div class=\"elementor-widget-container\">\n\t\t\t\t\t<h2 class=\"elementor-heading-title elementor-size-default\">Xalapa<\/h2>\t\t\t\t<\/div>\n\t\t\t\t<\/div>\n\t\t\t\t<div class=\"elementor-element elementor-element-46d6ab0 elementor-widget elementor-widget-spacer\" data-id=\"46d6ab0\" data-element_type=\"widget\" data-widget_type=\"spacer.default\">\n\t\t\t\t<div class=\"elementor-widget-container\">\n\t\t\t\t\t\t\t<div class=\"elementor-spacer\">\n\t\t\t<div class=\"elementor-spacer-inner\"><\/div>\n\t\t<\/div>\n\t\t\t\t\t\t<\/div>\n\t\t\t\t<\/div>\n\t\t\t\t\t<\/div>\n\t\t<\/div>\n\t\t\t\t<div class=\"elementor-column elementor-col-33 elementor-top-column elementor-element elementor-element-8d3b962\" data-id=\"8d3b962\" data-element_type=\"column\">\n\t\t\t<div class=\"elementor-widget-wrap elementor-element-populated\">\n\t\t\t\t\t\t<div class=\"elementor-element elementor-element-c690c13 elementor-widget__width-auto elementor-widget elementor-widget-heading\" data-id=\"c690c13\" data-element_type=\"widget\" data-widget_type=\"heading.default\">\n\t\t\t\t<div class=\"elementor-widget-container\">\n\t\t\t\t\t<h2 class=\"elementor-heading-title elementor-size-default\">Culiac\u00e1n<\/h2>\t\t\t\t<\/div>\n\t\t\t\t<\/div>\n\t\t\t\t<div class=\"elementor-element elementor-element-fa275b6 elementor-widget elementor-widget-spacer\" data-id=\"fa275b6\" data-element_type=\"widget\" data-widget_type=\"spacer.default\">\n\t\t\t\t<div class=\"elementor-widget-container\">\n\t\t\t\t\t\t\t<div class=\"elementor-spacer\">\n\t\t\t<div class=\"elementor-spacer-inner\"><\/div>\n\t\t<\/div>\n\t\t\t\t\t\t<\/div>\n\t\t\t\t<\/div>\n\t\t\t\t\t<\/div>\n\t\t<\/div>\n\t\t\t\t\t<\/div>\n\t\t<\/section>\n\t\t\t\t<section class=\"elementor-section elementor-top-section elementor-element elementor-element-8ab3eb7 elementor-section-boxed elementor-section-height-default elementor-section-height-default wpr-particle-no wpr-jarallax-no wpr-parallax-no wpr-sticky-section-no\" data-id=\"8ab3eb7\" data-element_type=\"section\">\n\t\t\t\t\t\t<div class=\"elementor-container elementor-column-gap-narrow\">\n\t\t\t\t\t<div class=\"elementor-column elementor-col-50 elementor-top-column elementor-element elementor-element-89639f6\" data-id=\"89639f6\" data-element_type=\"column\">\n\t\t\t<div class=\"elementor-widget-wrap elementor-element-populated\">\n\t\t\t\t\t\t<div class=\"elementor-element elementor-element-94c7812 elementor-widget__width-auto elementor-widget elementor-widget-heading\" data-id=\"94c7812\" data-element_type=\"widget\" data-widget_type=\"heading.default\">\n\t\t\t\t<div class=\"elementor-widget-container\">\n\t\t\t\t\t<h2 class=\"elementor-heading-title elementor-size-default\">Tijuana<\/h2>\t\t\t\t<\/div>\n\t\t\t\t<\/div>\n\t\t\t\t<div class=\"elementor-element elementor-element-2745527 elementor-widget elementor-widget-spacer\" data-id=\"2745527\" data-element_type=\"widget\" data-widget_type=\"spacer.default\">\n\t\t\t\t<div class=\"elementor-widget-container\">\n\t\t\t\t\t\t\t<div class=\"elementor-spacer\">\n\t\t\t<div class=\"elementor-spacer-inner\"><\/div>\n\t\t<\/div>\n\t\t\t\t\t\t<\/div>\n\t\t\t\t<\/div>\n\t\t\t\t\t<\/div>\n\t\t<\/div>\n\t\t\t\t<div class=\"elementor-column elementor-col-50 elementor-top-column elementor-element elementor-element-af56a04\" data-id=\"af56a04\" data-element_type=\"column\">\n\t\t\t<div class=\"elementor-widget-wrap elementor-element-populated\">\n\t\t\t\t\t\t<div class=\"elementor-element elementor-element-345dd66 elementor-widget__width-auto elementor-widget elementor-widget-heading\" data-id=\"345dd66\" data-element_type=\"widget\" data-widget_type=\"heading.default\">\n\t\t\t\t<div class=\"elementor-widget-container\">\n\t\t\t\t\t<h2 class=\"elementor-heading-title elementor-size-default\">Villahermosa<\/h2>\t\t\t\t<\/div>\n\t\t\t\t<\/div>\n\t\t\t\t<div class=\"elementor-element elementor-element-f6342ad elementor-widget elementor-widget-spacer\" data-id=\"f6342ad\" data-element_type=\"widget\" data-widget_type=\"spacer.default\">\n\t\t\t\t<div class=\"elementor-widget-container\">\n\t\t\t\t\t\t\t<div class=\"elementor-spacer\">\n\t\t\t<div class=\"elementor-spacer-inner\"><\/div>\n\t\t<\/div>\n\t\t\t\t\t\t<\/div>\n\t\t\t\t<\/div>\n\t\t\t\t\t<\/div>\n\t\t<\/div>\n\t\t\t\t\t<\/div>\n\t\t<\/section>\n\t\t\t\t<\/div>\n\t\t","protected":false},"excerpt":{"rendered":"<p>Oficinas de ventas Monterrey, N.L Servicio a clientes 81 8305 0300 Ciudad de M\u00e9xico Servicio a clientes 55 5317 3413 55 5317 3414 55 5317 8212 Plantas productivas Planta DetergentesCedis MonterreyAv. Rep\u00fablica Mexicana No. 101,Sector Industrial NogalarSan Nicol\u00e1s de los Garza, N.l.M\u00e9xico, 6648481 8305 0300 Planta Jab\u00f3n y L\u00edquidosCedis Edo. M\u00e9xicoCuauht\u00e9moc No. 42, ColoniaUrbana Ixhuatepec EcatepecEdo. de M\u00e9xico, 5534055 5715 1410 Guadalajara Xalapa Culiac\u00e1n Tijuana Villahermosa<\/p>\n","protected":false},"author":1,"featured_media":0,"parent":0,"menu_order":0,"comment_status":"closed","ping_status":"closed","template":"elementor_header_footer","meta":{"footnotes":"","_wp_rev_ctl_limit":""},"class_list":["post-2700","page","type-page","status-publish","hentry"],"yoast_head":"<!-- This site is optimized with the Yoast SEO plugin v25.5 - https:\/\/yoast.com\/wordpress\/plugins\/seo\/ -->\n<title>Cedis - SASIL<\/title>\n<meta name=\"robots\" content=\"index, follow, max-snippet:-1, max-image-preview:large, max-video-preview:-1\" \/>\n<link rel=\"canonical\" href=\"https:\/\/sasil.mx\/?page_id=2700&lang=es\" \/>\n<meta property=\"og:locale\" content=\"es_MX\" \/>\n<meta property=\"og:type\" content=\"article\" \/>\n<meta property=\"og:title\" content=\"Cedis - SASIL\" \/>\n<meta property=\"og:description\" content=\"Oficinas de ventas Monterrey, N.L Servicio a clientes 81 8305 0300 Ciudad de M\u00e9xico Servicio a clientes 55 5317 3413 55 5317 3414 55 5317 8212 Plantas productivas Planta DetergentesCedis MonterreyAv. Rep\u00fablica Mexicana No. 101,Sector Industrial NogalarSan Nicol\u00e1s de los Garza, N.l.M\u00e9xico, 6648481 8305 0300 Planta Jab\u00f3n y L\u00edquidosCedis Edo. M\u00e9xicoCuauht\u00e9moc No. 42, ColoniaUrbana Ixhuatepec EcatepecEdo. de M\u00e9xico, 5534055 5715 1410 Guadalajara Xalapa Culiac\u00e1n Tijuana Villahermosa\" \/>\n<meta property=\"og:url\" content=\"https:\/\/sasil.mx\/?page_id=2700&amp;lang=es\" \/>\n<meta property=\"og:site_name\" content=\"SASIL\" \/>\n<meta property=\"article:modified_time\" content=\"2025-03-05T18:01:42+00:00\" \/>\n<meta property=\"og:image\" content=\"https:\/\/sasil.mx\/wp-content\/uploads\/2025\/03\/Mapa-Sasil_Ubicaciones-.jpg\" \/>\n<meta name=\"twitter:card\" content=\"summary_large_image\" \/>\n<meta name=\"twitter:label1\" content=\"Tiempo de lectura\" \/>\n\t<meta name=\"twitter:data1\" content=\"1 minuto\" \/>\n<script type=\"application\/ld+json\" class=\"yoast-schema-graph\">{\"@context\":\"https:\/\/schema.org\",\"@graph\":[{\"@type\":\"WebPage\",\"@id\":\"https:\/\/sasil.mx\/?page_id=2700&lang=es\",\"url\":\"https:\/\/sasil.mx\/?page_id=2700&lang=es\",\"name\":\"Cedis - SASIL\",\"isPartOf\":{\"@id\":\"https:\/\/sasil.mx\/#website\"},\"primaryImageOfPage\":{\"@id\":\"https:\/\/sasil.mx\/?page_id=2700&lang=es#primaryimage\"},\"image\":{\"@id\":\"https:\/\/sasil.mx\/?page_id=2700&lang=es#primaryimage\"},\"thumbnailUrl\":\"https:\/\/sasil.mx\/wp-content\/uploads\/2025\/03\/Mapa-Sasil_Ubicaciones-.jpg\",\"datePublished\":\"2024-01-22T20:14:11+00:00\",\"dateModified\":\"2025-03-05T18:01:42+00:00\",\"breadcrumb\":{\"@id\":\"https:\/\/sasil.mx\/?page_id=2700&lang=es#breadcrumb\"},\"inLanguage\":\"es\",\"potentialAction\":[{\"@type\":\"ReadAction\",\"target\":[\"https:\/\/sasil.mx\/?page_id=2700&lang=es\"]}]},{\"@type\":\"ImageObject\",\"inLanguage\":\"es\",\"@id\":\"https:\/\/sasil.mx\/?page_id=2700&lang=es#primaryimage\",\"url\":\"https:\/\/sasil.mx\/wp-content\/uploads\/2025\/03\/Mapa-Sasil_Ubicaciones-.jpg\",\"contentUrl\":\"https:\/\/sasil.mx\/wp-content\/uploads\/2025\/03\/Mapa-Sasil_Ubicaciones-.jpg\",\"width\":1316,\"height\":1033},{\"@type\":\"BreadcrumbList\",\"@id\":\"https:\/\/sasil.mx\/?page_id=2700&lang=es#breadcrumb\",\"itemListElement\":[{\"@type\":\"ListItem\",\"position\":1,\"name\":\"Inicio\",\"item\":\"https:\/\/sasil.mx\/?lang=es\"},{\"@type\":\"ListItem\",\"position\":2,\"name\":\"Cedis\"}]},{\"@type\":\"WebSite\",\"@id\":\"https:\/\/sasil.mx\/#website\",\"url\":\"https:\/\/sasil.mx\/\",\"name\":\"SASIL\",\"description\":\"Detergentes y Jabones\",\"potentialAction\":[{\"@type\":\"SearchAction\",\"target\":{\"@type\":\"EntryPoint\",\"urlTemplate\":\"https:\/\/sasil.mx\/?s={search_term_string}\"},\"query-input\":{\"@type\":\"PropertyValueSpecification\",\"valueRequired\":true,\"valueName\":\"search_term_string\"}}],\"inLanguage\":\"es\"}]}<\/script>\n<!-- \/ Yoast SEO plugin. -->","yoast_head_json":{"title":"Cedis - SASIL","robots":{"index":"index","follow":"follow","max-snippet":"max-snippet:-1","max-image-preview":"max-image-preview:large","max-video-preview":"max-video-preview:-1"},"canonical":"https:\/\/sasil.mx\/?page_id=2700&lang=es","og_locale":"es_MX","og_type":"article","og_title":"Cedis - SASIL","og_description":"Oficinas de ventas Monterrey, N.L Servicio a clientes 81 8305 0300 Ciudad de M\u00e9xico Servicio a clientes 55 5317 3413 55 5317 3414 55 5317 8212 Plantas productivas Planta DetergentesCedis MonterreyAv. Rep\u00fablica Mexicana No. 101,Sector Industrial NogalarSan Nicol\u00e1s de los Garza, N.l.M\u00e9xico, 6648481 8305 0300 Planta Jab\u00f3n y L\u00edquidosCedis Edo. M\u00e9xicoCuauht\u00e9moc No. 42, ColoniaUrbana Ixhuatepec EcatepecEdo. de M\u00e9xico, 5534055 5715 1410 Guadalajara Xalapa Culiac\u00e1n Tijuana Villahermosa","og_url":"https:\/\/sasil.mx\/?page_id=2700&lang=es","og_site_name":"SASIL","article_modified_time":"2025-03-05T18:01:42+00:00","og_image":[{"url":"https:\/\/sasil.mx\/wp-content\/uploads\/2025\/03\/Mapa-Sasil_Ubicaciones-.jpg","type":"","width":"","height":""}],"twitter_card":"summary_large_image","twitter_misc":{"Tiempo de lectura":"1 minuto"},"schema":{"@context":"https:\/\/schema.org","@graph":[{"@type":"WebPage","@id":"https:\/\/sasil.mx\/?page_id=2700&lang=es","url":"https:\/\/sasil.mx\/?page_id=2700&lang=es","name":"Cedis - SASIL","isPartOf":{"@id":"https:\/\/sasil.mx\/#website"},"primaryImageOfPage":{"@id":"https:\/\/sasil.mx\/?page_id=2700&lang=es#primaryimage"},"image":{"@id":"https:\/\/sasil.mx\/?page_id=2700&lang=es#primaryimage"},"thumbnailUrl":"https:\/\/sasil.mx\/wp-content\/uploads\/2025\/03\/Mapa-Sasil_Ubicaciones-.jpg","datePublished":"2024-01-22T20:14:11+00:00","dateModified":"2025-03-05T18:01:42+00:00","breadcrumb":{"@id":"https:\/\/sasil.mx\/?page_id=2700&lang=es#breadcrumb"},"inLanguage":"es","potentialAction":[{"@type":"ReadAction","target":["https:\/\/sasil.mx\/?page_id=2700&lang=es"]}]},{"@type":"ImageObject","inLanguage":"es","@id":"https:\/\/sasil.mx\/?page_id=2700&lang=es#primaryimage","url":"https:\/\/sasil.mx\/wp-content\/uploads\/2025\/03\/Mapa-Sasil_Ubicaciones-.jpg","contentUrl":"https:\/\/sasil.mx\/wp-content\/uploads\/2025\/03\/Mapa-Sasil_Ubicaciones-.jpg","width":1316,"height":1033},{"@type":"BreadcrumbList","@id":"https:\/\/sasil.mx\/?page_id=2700&lang=es#breadcrumb","itemListElement":[{"@type":"ListItem","position":1,"name":"Inicio","item":"https:\/\/sasil.mx\/?lang=es"},{"@type":"ListItem","position":2,"name":"Cedis"}]},{"@type":"WebSite","@id":"https:\/\/sasil.mx\/#website","url":"https:\/\/sasil.mx\/","name":"SASIL","description":"Detergentes y Jabones","potentialAction":[{"@type":"SearchAction","target":{"@type":"EntryPoint","urlTemplate":"https:\/\/sasil.mx\/?s={search_term_string}"},"query-input":{"@type":"PropertyValueSpecification","valueRequired":true,"valueName":"search_term_string"}}],"inLanguage":"es"}]}},"lang":"es","translations":{"es":2700,"en":3169},"pll_sync_post":[],"_links":{"self":[{"href":"https:\/\/sasil.mx\/index.php?rest_route=\/wp\/v2\/pages\/2700","targetHints":{"allow":["GET"]}}],"collection":[{"href":"https:\/\/sasil.mx\/index.php?rest_route=\/wp\/v2\/pages"}],"about":[{"href":"https:\/\/sasil.mx\/index.php?rest_route=\/wp\/v2\/types\/page"}],"author":[{"embeddable":true,"href":"https:\/\/sasil.mx\/index.php?rest_route=\/wp\/v2\/users\/1"}],"replies":[{"embeddable":true,"href":"https:\/\/sasil.mx\/index.php?rest_route=%2Fwp%2Fv2%2Fcomments&post=2700"}],"version-history":[{"count":9,"href":"https:\/\/sasil.mx\/index.php?rest_route=\/wp\/v2\/pages\/2700\/revisions"}],"predecessor-version":[{"id":4514,"href":"https:\/\/sasil.mx\/index.php?rest_route=\/wp\/v2\/pages\/2700\/revisions\/4514"}],"wp:attachment":[{"href":"https:\/\/sasil.mx\/index.php?rest_route=%2Fwp%2Fv2%2Fmedia&parent=2700"}],"curies":[{"name":"wp","href":"https:\/\/api.w.org\/{rel}","templated":true}]}}